{"version":"1.0","provider_name":"#lucalife","provider_url":"https:\/\/www.drivelife.it\/news","author_name":"Redazione","author_url":"https:\/\/www.drivelife.it\/news\/author\/admin\/","title":"BMW Serie 2 Active Tourer - #lucalife","type":"rich","width":600,"height":338,"html":"<blockquote class=\"wp-embedded-content\" data-secret=\"90S8iQlgYk\"><a href=\"https:\/\/www.drivelife.it\/news\/2014\/08\/26\/bmw-serie-2-active-tourer-2\/\">BMW Serie 2 Active Tourer<\/a><\/blockquote><iframe sandbox=\"allow-scripts\" security=\"restricted\" src=\"https:\/\/www.drivelife.it\/news\/2014\/08\/26\/bmw-serie-2-active-tourer-2\/embed\/#?secret=90S8iQlgYk\" width=\"600\" height=\"338\" title=\"&#8220;BMW Serie 2 Active Tourer&#8221; &#8212; #lucalife\" data-secret=\"90S8iQlgYk\" frameborder=\"0\" marginwidth=\"0\" marginheight=\"0\" scrolling=\"no\" class=\"wp-embedded-content\"><\/iframe><script>\n\/*! This file is auto-generated *\/\n!function(d,l){\"use strict\";l.querySelector&&d.addEventListener&&\"undefined\"!=typeof URL&&(d.wp=d.wp||{},d.wp.receiveEmbedMessage||(d.wp.receiveEmbedMessage=function(e){var t=e.data;if((t||t.secret||t.message||t.value)&&!\/[^a-zA-Z0-9]\/.test(t.secret)){for(var s,r,n,a=l.querySelectorAll('iframe[data-secret=\"'+t.secret+'\"]'),o=l.querySelectorAll('blockquote[data-secret=\"'+t.secret+'\"]'),c=new RegExp(\"^https?:$\",\"i\"),i=0;i<o.length;i++)o[i].style.display=\"none\";for(i=0;i<a.length;i++)s=a[i],e.source===s.contentWindow&&(s.removeAttribute(\"style\"),\"height\"===t.message?(1e3<(r=parseInt(t.value,10))?r=1e3:~~r<200&&(r=200),s.height=r):\"link\"===t.message&&(r=new URL(s.getAttribute(\"src\")),n=new URL(t.value),c.test(n.protocol))&&n.host===r.host&&l.activeElement===s&&(d.top.location.href=t.value))}},d.addEventListener(\"message\",d.wp.receiveEmbedMessage,!1),l.addEventListener(\"DOMContentLoaded\",function(){for(var e,t,s=l.querySelectorAll(\"iframe.wp-embedded-content\"),r=0;r<s.length;r++)(t=(e=s[r]).getAttribute(\"data-secret\"))||(t=Math.random().toString(36).substring(2,12),e.src+=\"#?secret=\"+t,e.setAttribute(\"data-secret\",t)),e.contentWindow.postMessage({message:\"ready\",secret:t},\"*\")},!1)))}(window,document);\n<\/script>\n","thumbnail_url":"https:\/\/www.drivelife.it\/news\/wp-content\/uploads\/2014\/08\/BMW-Serie-2-Active-Tourer-copia.jpg","thumbnail_width":1680,"thumbnail_height":791,"description":"LA BMW CHE NON CI MANCAVA La domanda che mi pongo \u00e8 una sola. Avr\u00e0 una risposta il sedici settembre, a Merano. In Alto Adige, dove \u00e8 ambientato lo shooting della clip, qui in drivelife, \u00e8 il test drive della prima trazione anteriore di BMW. Un altro &#8220;sacrilegio&#8221; automobilistico in virt\u00f9 delle richieste del mercato. O del marketing imperante? La domanda, comunque, \u00e8 in qualche modo correlata al pensiero appena esposto. Perch\u00e8 aspettare tanto tempo per la presentazione di un modello (che ci racconteranno di sicuro) sar\u00e0 di successo nella gamma BMW? E non \u00e8 solo una questione tecnica, ossia, perch\u00e9 tanto&#46;&#46;&#46;"}

LA BMW CHE NON CI MANCAVA La domanda che mi pongo è una sola. Avrà una risposta il sedici settembre, a Merano. In Alto Adige, dove è ambientato lo shooting della clip, qui in drivelife, è il test drive della prima trazione anteriore di BMW. Un altro &#8220;sacrilegio&#8221; automobilistico in virtù delle richieste del mercato. O del marketing imperante? La domanda, comunque, è in qualche modo correlata al pensiero appena esposto. Perchè aspettare tanto tempo per la presentazione di un modello (che ci racconteranno di sicuro) sarà di successo nella gamma BMW? E non è solo una questione tecnica, ossia, perché tanto&#46;&#46;&#46;
