{"version":"1.0","provider_name":"#lucalife","provider_url":"https:\/\/www.drivelife.it\/news","author_name":"Redazione","author_url":"https:\/\/www.drivelife.it\/news\/author\/admin\/","title":"BMW SERIE 2 ACTIVE TOURER - #lucalife","type":"rich","width":600,"height":338,"html":"<blockquote class=\"wp-embedded-content\" data-secret=\"uubokMCgta\"><a href=\"https:\/\/www.drivelife.it\/news\/2014\/03\/11\/bmw-serie-2-active-tourer\/\">BMW SERIE 2 ACTIVE TOURER<\/a><\/blockquote><iframe sandbox=\"allow-scripts\" security=\"restricted\" src=\"https:\/\/www.drivelife.it\/news\/2014\/03\/11\/bmw-serie-2-active-tourer\/embed\/#?secret=uubokMCgta\" width=\"600\" height=\"338\" title=\"&#8220;BMW SERIE 2 ACTIVE TOURER&#8221; &#8212; #lucalife\" data-secret=\"uubokMCgta\" frameborder=\"0\" marginwidth=\"0\" marginheight=\"0\" scrolling=\"no\" class=\"wp-embedded-content\"><\/iframe><script>\n\/*! This file is auto-generated *\/\n!function(d,l){\"use strict\";l.querySelector&&d.addEventListener&&\"undefined\"!=typeof URL&&(d.wp=d.wp||{},d.wp.receiveEmbedMessage||(d.wp.receiveEmbedMessage=function(e){var t=e.data;if((t||t.secret||t.message||t.value)&&!\/[^a-zA-Z0-9]\/.test(t.secret)){for(var s,r,n,a=l.querySelectorAll('iframe[data-secret=\"'+t.secret+'\"]'),o=l.querySelectorAll('blockquote[data-secret=\"'+t.secret+'\"]'),c=new RegExp(\"^https?:$\",\"i\"),i=0;i<o.length;i++)o[i].style.display=\"none\";for(i=0;i<a.length;i++)s=a[i],e.source===s.contentWindow&&(s.removeAttribute(\"style\"),\"height\"===t.message?(1e3<(r=parseInt(t.value,10))?r=1e3:~~r<200&&(r=200),s.height=r):\"link\"===t.message&&(r=new URL(s.getAttribute(\"src\")),n=new URL(t.value),c.test(n.protocol))&&n.host===r.host&&l.activeElement===s&&(d.top.location.href=t.value))}},d.addEventListener(\"message\",d.wp.receiveEmbedMessage,!1),l.addEventListener(\"DOMContentLoaded\",function(){for(var e,t,s=l.querySelectorAll(\"iframe.wp-embedded-content\"),r=0;r<s.length;r++)(t=(e=s[r]).getAttribute(\"data-secret\"))||(t=Math.random().toString(36).substring(2,12),e.src+=\"#?secret=\"+t,e.setAttribute(\"data-secret\",t)),e.contentWindow.postMessage({message:\"ready\",secret:t},\"*\")},!1)))}(window,document);\n<\/script>\n","thumbnail_url":"https:\/\/www.drivelife.it\/news\/wp-content\/uploads\/2014\/03\/SERIE-2-ACTIVE-TOURER-6-960x640.jpg","thumbnail_width":960,"thumbnail_height":640,"description":"NICOLETTA TRIGGIANI NUOVI ALLINEAMENTI LA BMW SERIE 2 ACTIVE TOURER \u00c8 LA PRIMA BMW EQUIPAGGIATA CON MOTORI TRASVERSALI E TRAZIONE SULL\u2019ASSE ANTERIORE. STARTUP CON LA BMW SERIE 218i ACTIVE TOURER DA DRIVELIFE DEL 15 MARZO &#8211; DURATA, 01\u2019 09\u201d &#8211;\u00a0 Lo stile riprende l\u2019immagine di famiglia, come di consueto. Per\u00f2, \u201cstrizzando gli occhi\u201d e senza troppo lavorare d\u2019immaginazione \u00e8 evidente dal disegno della Serie 2 Active Tourer che si tratta di una diretta competitor nel segmento premium delle compatte monovolume. Forse perch\u00e9 per garantire abitabilit\u00e0, efficienza delle prestazioni &#8211; dai consumi alle emissioni ed alla velocit\u00e0 massima &#8211; i designer devono compiere&#46;&#46;&#46;"}

NICOLETTA TRIGGIANI NUOVI ALLINEAMENTI LA BMW SERIE 2 ACTIVE TOURER È LA PRIMA BMW EQUIPAGGIATA CON MOTORI TRASVERSALI E TRAZIONE SULL’ASSE ANTERIORE. STARTUP CON LA BMW SERIE 218i ACTIVE TOURER DA DRIVELIFE DEL 15 MARZO &#8211; DURATA, 01’ 09” &#8211;  Lo stile riprende l’immagine di famiglia, come di consueto. Però, “strizzando gli occhi” e senza troppo lavorare d’immaginazione è evidente dal disegno della Serie 2 Active Tourer che si tratta di una diretta competitor nel segmento premium delle compatte monovolume. Forse perché per garantire abitabilità, efficienza delle prestazioni &#8211; dai consumi alle emissioni ed alla velocità massima &#8211; i designer devono compiere&#46;&#46;&#46;
