{"version":"1.0","provider_name":"#lucalife","provider_url":"https:\/\/www.drivelife.it\/news","author_name":"Redazione","author_url":"https:\/\/www.drivelife.it\/news\/author\/admin\/","title":"OPEL ADAM - #lucalife","type":"rich","width":600,"height":338,"html":"<blockquote class=\"wp-embedded-content\" data-secret=\"l3EwtH7b5f\"><a href=\"https:\/\/www.drivelife.it\/news\/2013\/03\/31\/opel-adam\/\">OPEL ADAM<\/a><\/blockquote><iframe sandbox=\"allow-scripts\" security=\"restricted\" src=\"https:\/\/www.drivelife.it\/news\/2013\/03\/31\/opel-adam\/embed\/#?secret=l3EwtH7b5f\" width=\"600\" height=\"338\" title=\"&#8220;OPEL ADAM&#8221; &#8212; #lucalife\" data-secret=\"l3EwtH7b5f\" frameborder=\"0\" marginwidth=\"0\" marginheight=\"0\" scrolling=\"no\" class=\"wp-embedded-content\"><\/iframe><script>\n\/*! This file is auto-generated *\/\n!function(d,l){\"use strict\";l.querySelector&&d.addEventListener&&\"undefined\"!=typeof URL&&(d.wp=d.wp||{},d.wp.receiveEmbedMessage||(d.wp.receiveEmbedMessage=function(e){var t=e.data;if((t||t.secret||t.message||t.value)&&!\/[^a-zA-Z0-9]\/.test(t.secret)){for(var s,r,n,a=l.querySelectorAll('iframe[data-secret=\"'+t.secret+'\"]'),o=l.querySelectorAll('blockquote[data-secret=\"'+t.secret+'\"]'),c=new RegExp(\"^https?:$\",\"i\"),i=0;i<o.length;i++)o[i].style.display=\"none\";for(i=0;i<a.length;i++)s=a[i],e.source===s.contentWindow&&(s.removeAttribute(\"style\"),\"height\"===t.message?(1e3<(r=parseInt(t.value,10))?r=1e3:~~r<200&&(r=200),s.height=r):\"link\"===t.message&&(r=new URL(s.getAttribute(\"src\")),n=new URL(t.value),c.test(n.protocol))&&n.host===r.host&&l.activeElement===s&&(d.top.location.href=t.value))}},d.addEventListener(\"message\",d.wp.receiveEmbedMessage,!1),l.addEventListener(\"DOMContentLoaded\",function(){for(var e,t,s=l.querySelectorAll(\"iframe.wp-embedded-content\"),r=0;r<s.length;r++)(t=(e=s[r]).getAttribute(\"data-secret\"))||(t=Math.random().toString(36).substring(2,12),e.src+=\"#?secret=\"+t,e.setAttribute(\"data-secret\",t)),e.contentWindow.postMessage({message:\"ready\",secret:t},\"*\")},!1)))}(window,document);\n<\/script>\n","thumbnail_url":"https:\/\/www.drivelife.it\/news\/wp-content\/uploads\/2013\/03\/ADAM_copyMrlukkor-49.jpg","thumbnail_width":"1920","thumbnail_height":"1277","description":"UNA SETTIMANA CON\u2026 Adam\u2026 (lui? lei?) lo devi prendere con la sinistra. Voglio dire che \u00e8 l\u2019unica cosa della quale ti devi ricordare quando sali nella compatta \u2018premium\u2019 di Opel. Perch\u00e9 la cintura di sicurezza, lato driver, \u00e8 un bel po\u2019 lontana rispetto alla mia posizione di guida. Sono abituato, come molti \u2013 credo \u2013 ad allacciare le cinture di sicurezza usando la destra. Qui non ci riesco, \u00e8 l\u2019unica scomodit\u00e0, per me, della Opel. Del resto con quello sportello cos\u00ec lungo ed il montante centrale cos\u00ec arretrato non pu\u00f2 essere diversamente."}

UNA SETTIMANA CON… Adam… (lui? lei?) lo devi prendere con la sinistra. Voglio dire che è l’unica cosa della quale ti devi ricordare quando sali nella compatta ‘premium’ di Opel. Perché la cintura di sicurezza, lato driver, è un bel po’ lontana rispetto alla mia posizione di guida. Sono abituato, come molti – credo – ad allacciare le cinture di sicurezza usando la destra. Qui non ci riesco, è l’unica scomodità, per me, della Opel. Del resto con quello sportello così lungo ed il montante centrale così arretrato non può essere diversamente.
