{"id":1411,"date":"2012-11-14T14:43:58","date_gmt":"2012-11-14T14:43:58","guid":{"rendered":"http:\/\/www.drivelife.it\/dlnew\/?page_id=1411"},"modified":"2012-11-17T17:37:34","modified_gmt":"2012-11-17T17:37:34","slug":"opel-adam-lisbona","status":"publish","type":"page","link":"https:\/\/www.drivelife.it\/dlnew\/30s-days-novembre\/opel-adam-lisbona\/","title":{"rendered":"OPEL ADAM LISBONA"},"content":{"rendered":"<figure id=\"attachment_1412\" aria-describedby=\"caption-attachment-1412\" style=\"width: 960px\" class=\"wp-caption alignnone\"><a href=\"http:\/\/www.drivelife.it\/dlnew\/wp-content\/uploads\/2012\/11\/WETZEL_EDIT-CopyMrlukkor-1-di-11.jpg\"><img loading=\"lazy\" decoding=\"async\" class=\"size-large wp-image-1412\" title=\"WETZEL_EDIT-CopyMrlukkor\" src=\"http:\/\/www.drivelife.it\/dlnew\/wp-content\/uploads\/2012\/11\/WETZEL_EDIT-CopyMrlukkor-1-di-11-1000x562.jpg\" alt=\"ELIZABETH 'LIZ' WETZEL - DIRECTOR OPEL\/VAUXHALL INTERIOR DESIGN\" width=\"960\" height=\"539\" srcset=\"https:\/\/www.drivelife.it\/dlnew\/wp-content\/uploads\/2012\/11\/WETZEL_EDIT-CopyMrlukkor-1-di-11-1000x562.jpg 1000w, https:\/\/www.drivelife.it\/dlnew\/wp-content\/uploads\/2012\/11\/WETZEL_EDIT-CopyMrlukkor-1-di-11-620x348.jpg 620w, https:\/\/www.drivelife.it\/dlnew\/wp-content\/uploads\/2012\/11\/WETZEL_EDIT-CopyMrlukkor-1-di-11-1600x900.jpg 1600w, https:\/\/www.drivelife.it\/dlnew\/wp-content\/uploads\/2012\/11\/WETZEL_EDIT-CopyMrlukkor-1-di-11.jpg 1920w\" sizes=\"auto, (max-width: 960px) 100vw, 960px\" \/><\/a><figcaption id=\"caption-attachment-1412\" class=\"wp-caption-text\">ELIZABETH &#8216;LIZ&#8217; WETZEL &#8211; DIRECTOR OPEL\/VAUXHALL INTERIOR DESIGN<\/figcaption><\/figure>\n<p>&nbsp;<\/p>\n<h1><strong>Vuole sedurre te, s\u00ec proprio te&#8230;<\/strong><\/h1>\n<h2>ARRIVA IN ITALIA LA OPEL ADAM, A GENNAIO<\/h2>\n<h2>PREZZI A PARTIRE DA 11.750 EURO<\/h2>\n<h2>METEO A LISBONA? VARIABILE<\/h2>\n<p>&nbsp;<\/p>\n<p style=\"text-align: justify; padding-left: 30px;\"><strong>OPEL ADAM (1)\u00a0<\/strong>&#8211; durata, 1\u201912\u2019\u2019 &#8211; testo speaker, in onda con drivelife del 17 Novembre<\/p>\n<p style=\"padding-left: 30px;\"><strong>TEST DRIVE LISBONA, INTRO &#8211; (<em>lr<\/em>)<\/strong> &#8211; Gli inglesi, quando non sanno cosa dire, parlano del tempo, quello atmosferico. Della Opel Adam noi abbiamo tante cose da raccontare ma la nota sul tempo a Lisbona, durante il fine settimana scorso, \u00e8 obbligatoria perch\u00e9 tema del servizio di lancio per questa puntata. Meteo variabile, scrosci di pioggia, temperatura mite, vento fresco dall\u2019Atlantico e sole.<\/p>\n<p style=\"padding-left: 30px;\">Chi vuole sedurre Adam? Tutti quei clienti che vogliono comprare un\u2019automobile compatta ma spaziosa, agile in citt\u00e0, brillante e moderata nei consumi, sicura; e che dia loro la possibilit\u00e0 di confezionarla come in una elegante sartoria. Entro fine mese sar\u00e0 on line il configuratore di Adam, diventer\u00e0 possibile \u2018tagliare\u2019 la propria Opel progettandola fra trentamila versioni. E poi, con il file, andare in concessionaria e comprarla. Un bel campione per avere la Adam \u2018cucita\u2019 su misura e mostrarsi nel traffico raccontando di una creativit\u00e0 ed una personalit\u00e0 uniche.<\/p>\n<p style=\"padding-left: 30px;\">Nel prossimo servizio qualche nota tecnica e sulla dinamica di marcia.<\/p>\n<p>ngg_shortcode_0_placeholder<br \/>\n<strong>Photo book copy mrlukkor\u00a0<\/strong><\/p>\n<p><strong><a href=\"http:\/\/photo.dlmagazine.it\/pdlm\/?p=1345\">Vuoi vedere le foto di Opel Adam tutte insieme, in un solo colpo d&#8217;occhio?<br \/>\nSfoglia il nostro PhotoMagazine&#8230;<\/a><\/strong><\/p>\n<h1><strong>Adam ha proprio un bel fisico<\/strong><\/h1>\n<h2>JAM, GLAM &amp; SLAM SONO I 3 LIVELLI DI ALLESTIMENTO<\/h2>\n<h2>TRE MOTORI, 1.2 &amp; 1.4 CON 70, 87 &amp; 100CV<\/h2>\n<h2>IN VENDITA DA GENNAIO:<br \/>\nCON 300 EURO HAI IL CIELO IN AUTO*<\/h2>\n<p>&nbsp;<\/p>\n<p style=\"text-align: justify; padding-left: 30px;\"><strong>OPEL ADAM (2)\u00a0<\/strong>&#8211; durata, 2\u201929\u2019\u2019 &#8211; testo speaker, in onda con drivelife del 17 Novembre<\/p>\n<p style=\"padding-left: 30px;\"><strong>TEST DRIVE LISBONA, INFO PRODOTTO &#8211; (<em>lr<\/em>)<\/strong> &#8211; JAM, GLAM e SLAM. Non ridete, non \u00e8 uno scioglilingua. Sono le tre proposte di partenza dalle quali iniziare a costruire una delle trentamila combinazioni per la propria Opel Adam. Sono i tre livelli di allestimento che vestono i tre motori disponibili per la entry level \u2018premium\u2019: un 1.2 con 70CV e due versioni 1.4 con 87 e 100CV. Tutti con quattro cilindri e tutti con tecnologia Opel ecoFLEX e dispositivi Start&amp;Stop. Coppia motrice di 115 e 130 newton metri a quattromila giri. Compatibilit\u00e0 ambientale di livello Euro5 e consumi a partire da 4,2 litri per cento chilometri. Emissioni a 118 grammi di CO2 per chilometro. Velocit\u00e0 massima, per la Adam con cento cavalli, a 185 Km\/h. Cambio a cinque marce. Per ora niente automatico, un peccato per le signore in citt\u00e0 ma, in Opel, giurano che colmeranno la lacuna molto presto.<br \/>\nAbitacolo \u2018su misura\u2019 per quattro persone, dietro stanno meglio i figli degli adulti, ma portando in avanti i sedili anteriori, quattro maggiorenni arrivano comodamente all\u2019happy hour. Bagagliaio, questo s\u00ec davvero capiente. Moglie e suocera non si lamenteranno chiedendo dove mettere le shopper del supermercato. Arriva a 484 litri, 663 fino al cielo. Dimensione minima: 170 litri. Non traslocate, ma al super ci andate tranquilli.<br \/>\nLa Adam parcheggia con semplicit\u00e0, per lo sterzo \u2018leggero\u2019, ma soprattutto per le sue dimensioni: 3,7 metri per 1,7, con un raggio di sterzata inferiore ai dieci metri. Misure che dicono di una bella agilit\u00e0 in citt\u00e0, dove certe doti atletiche semplificano la vita. Le note tecniche si chiudono col peso: poco pi\u00f9 di mille chili per la versione con il motore milledue. Insomma un bel fisico.<\/p>\n<p style=\"padding-left: 30px;\">Lisbona con il suo cielo terso, pulito e punteggiato da candide nuvole, le strade che corrono a strapiombo sull\u2019Atlantico ci ha distratto tanto dalla guida e dalla analisi della Adam. E\u2019 una citt\u00e0 bellissima, ma poi &#8211; alla fine &#8211; ci siamo concentrati.<\/p>\n<p style=\"padding-left: 30px;\">S\u00ec, queste non sono le immagini di Lisbona, ma la post produzione \u00e8 al lavoro (per i miracoli ci stiamo attrezzando) e torneremo su Adam anche nella prossima puntata. Per\u00f2 non vogliamo \u2018bucare\u2018 la notizia.<\/p>\n<p style=\"padding-left: 30px;\">Quando ti siedi al volante di Adam hai qualche difficolt\u00e0 a credere che sia una Opel. Nel senso che, nulla togliendo al resto della gamma, questa macchina qui, pi\u00f9 di altre, segna un momento di passaggio forte da una concezione generalista a quella premium. Guardi le finiture, tocchi i materiali, osservi il design degli interni. E ti rendi conto che questa volta la mission di Opel \u00e8 diversa. Vuole conquistare gente nuova, proprio come te che ci stai ascoltando e guardando la clip. O leggendo su drivelife.it.<\/p>\n<p style=\"padding-left: 30px;\">In drivelife del 24 Novembre le impressioni di guida.<\/p>\n<p>\u00a0<strong><a href=\"http:\/\/photo.dlmagazine.it\/pdlm\/?p=1345\">Vuoi vedere le foto di Opel Adam tutte insieme, in un solo colpo d&#8217;occhio?<br \/>\nSfoglia il nostro PhotoMagazine&#8230;<\/a><\/strong><\/p>\nngg_shortcode_1_placeholder\n<p>Si ringrazia per la cortese collaborazione la signora Elizabeth Wetzel<br \/>\nche ha posato per la fotografia di apertura di questo servizio su Opel Adam.<\/p>\n<p><em>*Costo del rivestimento interno del tetto \u2018starlight\u2019, 64 led per illuminare l\u2019abitacolo.<\/em><\/p>\n<p>&nbsp;<\/p>\n","protected":false},"excerpt":{"rendered":"<p>&nbsp; Vuole sedurre te, s\u00ec proprio te&#8230; ARRIVA IN ITALIA LA OPEL ADAM, A GENNAIO PREZZI A PARTIRE DA 11.750 EURO METEO A LISBONA? VARIABILE &nbsp; OPEL ADAM (1)\u00a0&#8211; durata, 1\u201912\u2019\u2019 &#8211; testo speaker, in onda con drivelife del 17 Novembre TEST DRIVE LISBONA, INTRO &#8211; (lr) &#8211; Gli inglesi, quando non sanno cosa dire, [&hellip;]<\/p>\n","protected":false},"author":1,"featured_media":1412,"parent":1376,"menu_order":0,"comment_status":"open","ping_status":"open","template":"","meta":{"_monsterinsights_skip_tracking":false,"_monsterinsights_sitenote_active":false,"_monsterinsights_sitenote_note":"","_monsterinsights_sitenote_category":0,"ngg_post_thumbnail":0,"footnotes":""},"class_list":["post-1411","page","type-page","status-publish","has-post-thumbnail","hentry"],"_links":{"self":[{"href":"https:\/\/www.drivelife.it\/dlnew\/wp-json\/wp\/v2\/pages\/1411","targetHints":{"allow":["GET"]}}],"collection":[{"href":"https:\/\/www.drivelife.it\/dlnew\/wp-json\/wp\/v2\/pages"}],"about":[{"href":"https:\/\/www.drivelife.it\/dlnew\/wp-json\/wp\/v2\/types\/page"}],"author":[{"embeddable":true,"href":"https:\/\/www.drivelife.it\/dlnew\/wp-json\/wp\/v2\/users\/1"}],"replies":[{"embeddable":true,"href":"https:\/\/www.drivelife.it\/dlnew\/wp-json\/wp\/v2\/comments?post=1411"}],"version-history":[{"count":11,"href":"https:\/\/www.drivelife.it\/dlnew\/wp-json\/wp\/v2\/pages\/1411\/revisions"}],"predecessor-version":[{"id":1415,"href":"https:\/\/www.drivelife.it\/dlnew\/wp-json\/wp\/v2\/pages\/1411\/revisions\/1415"}],"up":[{"embeddable":true,"href":"https:\/\/www.drivelife.it\/dlnew\/wp-json\/wp\/v2\/pages\/1376"}],"wp:featuredmedia":[{"embeddable":true,"href":"https:\/\/www.drivelife.it\/dlnew\/wp-json\/wp\/v2\/media\/1412"}],"wp:attachment":[{"href":"https:\/\/www.drivelife.it\/dlnew\/wp-json\/wp\/v2\/media?parent=1411"}],"curies":[{"name":"wp","href":"https:\/\/api.w.org\/{rel}","templated":true}]}}

<figure id="attachment_1412" aria-describedby="caption-attachment-1412" style="width: 960px" class="wp-caption alignnone"><a href="http://www.drivelife.it/dlnew/wp-content/uploads/2012/11/WETZEL_EDIT-CopyMrlukkor-1-di-11.jpg"><img loading="lazy" decoding="async" class="size-large wp-image-1412" title="WETZEL_EDIT-CopyMrlukkor" src="http://www.drivelife.it/dlnew/wp-content/uploads/2012/11/WETZEL_EDIT-CopyMrlukkor-1-di-11-1000x562.jpg" alt="ELIZABETH 'LIZ' WETZEL - DIRECTOR OPEL/VAUXHALL INTERIOR DESIGN" width="960" height="539" srcset="https://www.drivelife.it/dlnew/wp-content/uploads/2012/11/WETZEL_EDIT-CopyMrlukkor-1-di-11-1000x562.jpg 1000w, https://www.drivelife.it/dlnew/wp-content/uploads/2012/11/WETZEL_EDIT-CopyMrlukkor-1-di-11-620x348.jpg 620w, https://www.drivelife.it/dlnew/wp-content/uploads/2012/11/WETZEL_EDIT-CopyMrlukkor-1-di-11-1600x900.jpg 1600w, https://www.drivelife.it/dlnew/wp-content/uploads/2012/11/WETZEL_EDIT-CopyMrlukkor-1-di-11.jpg 1920w" sizes="auto, (max-width: 960px) 100vw, 960px" /></a><figcaption id="caption-attachment-1412" class="wp-caption-text">ELIZABETH &#8216;LIZ&#8217; WETZEL &#8211; DIRECTOR OPEL/VAUXHALL INTERIOR DESIGN</figcaption></figure>
<p>&nbsp;</p>
<h1><strong>Vuole sedurre te, sì proprio te&#8230;</strong></h1>
<h2>ARRIVA IN ITALIA LA OPEL ADAM, A GENNAIO</h2>
<h2>PREZZI A PARTIRE DA 11.750 EURO</h2>
<h2>METEO A LISBONA? VARIABILE</h2>
<p>&nbsp;</p>
<p style="text-align: justify; padding-left: 30px;"><strong>OPEL ADAM (1) </strong>&#8211; durata, 1’12’’ &#8211; testo speaker, in onda con drivelife del 17 Novembre</p>
<p style="padding-left: 30px;"><strong>TEST DRIVE LISBONA, INTRO &#8211; (<em>lr</em>)</strong> &#8211; Gli inglesi, quando non sanno cosa dire, parlano del tempo, quello atmosferico. Della Opel Adam noi abbiamo tante cose da raccontare ma la nota sul tempo a Lisbona, durante il fine settimana scorso, è obbligatoria perché tema del servizio di lancio per questa puntata. Meteo variabile, scrosci di pioggia, temperatura mite, vento fresco dall’Atlantico e sole.</p>
<p style="padding-left: 30px;">Chi vuole sedurre Adam? Tutti quei clienti che vogliono comprare un’automobile compatta ma spaziosa, agile in città, brillante e moderata nei consumi, sicura; e che dia loro la possibilità di confezionarla come in una elegante sartoria. Entro fine mese sarà on line il configuratore di Adam, diventerà possibile ‘tagliare’ la propria Opel progettandola fra trentamila versioni. E poi, con il file, andare in concessionaria e comprarla. Un bel campione per avere la Adam ‘cucita’ su misura e mostrarsi nel traffico raccontando di una creatività ed una personalità uniche.</p>
<p style="padding-left: 30px;">Nel prossimo servizio qualche nota tecnica e sulla dinamica di marcia.</p>
<p>ngg_shortcode_0_placeholder<br />
<strong>Photo book copy mrlukkor </strong></p>
<p><strong><a href="http://photo.dlmagazine.it/pdlm/?p=1345">Vuoi vedere le foto di Opel Adam tutte insieme, in un solo colpo d&#8217;occhio?<br />
Sfoglia il nostro PhotoMagazine&#8230;</a></strong></p>
<h1><strong>Adam ha proprio un bel fisico</strong></h1>
<h2>JAM, GLAM &amp; SLAM SONO I 3 LIVELLI DI ALLESTIMENTO</h2>
<h2>TRE MOTORI, 1.2 &amp; 1.4 CON 70, 87 &amp; 100CV</h2>
<h2>IN VENDITA DA GENNAIO:<br />
CON 300 EURO HAI IL CIELO IN AUTO*</h2>
<p>&nbsp;</p>
<p style="text-align: justify; padding-left: 30px;"><strong>OPEL ADAM (2) </strong>&#8211; durata, 2’29’’ &#8211; testo speaker, in onda con drivelife del 17 Novembre</p>
<p style="padding-left: 30px;"><strong>TEST DRIVE LISBONA, INFO PRODOTTO &#8211; (<em>lr</em>)</strong> &#8211; JAM, GLAM e SLAM. Non ridete, non è uno scioglilingua. Sono le tre proposte di partenza dalle quali iniziare a costruire una delle trentamila combinazioni per la propria Opel Adam. Sono i tre livelli di allestimento che vestono i tre motori disponibili per la entry level ‘premium’: un 1.2 con 70CV e due versioni 1.4 con 87 e 100CV. Tutti con quattro cilindri e tutti con tecnologia Opel ecoFLEX e dispositivi Start&amp;Stop. Coppia motrice di 115 e 130 newton metri a quattromila giri. Compatibilità ambientale di livello Euro5 e consumi a partire da 4,2 litri per cento chilometri. Emissioni a 118 grammi di CO2 per chilometro. Velocità massima, per la Adam con cento cavalli, a 185 Km/h. Cambio a cinque marce. Per ora niente automatico, un peccato per le signore in città ma, in Opel, giurano che colmeranno la lacuna molto presto.<br />
Abitacolo ‘su misura’ per quattro persone, dietro stanno meglio i figli degli adulti, ma portando in avanti i sedili anteriori, quattro maggiorenni arrivano comodamente all’happy hour. Bagagliaio, questo sì davvero capiente. Moglie e suocera non si lamenteranno chiedendo dove mettere le shopper del supermercato. Arriva a 484 litri, 663 fino al cielo. Dimensione minima: 170 litri. Non traslocate, ma al super ci andate tranquilli.<br />
La Adam parcheggia con semplicità, per lo sterzo ‘leggero’, ma soprattutto per le sue dimensioni: 3,7 metri per 1,7, con un raggio di sterzata inferiore ai dieci metri. Misure che dicono di una bella agilità in città, dove certe doti atletiche semplificano la vita. Le note tecniche si chiudono col peso: poco più di mille chili per la versione con il motore milledue. Insomma un bel fisico.</p>
<p style="padding-left: 30px;">Lisbona con il suo cielo terso, pulito e punteggiato da candide nuvole, le strade che corrono a strapiombo sull’Atlantico ci ha distratto tanto dalla guida e dalla analisi della Adam. E’ una città bellissima, ma poi &#8211; alla fine &#8211; ci siamo concentrati.</p>
<p style="padding-left: 30px;">Sì, queste non sono le immagini di Lisbona, ma la post produzione è al lavoro (per i miracoli ci stiamo attrezzando) e torneremo su Adam anche nella prossima puntata. Però non vogliamo ‘bucare‘ la notizia.</p>
<p style="padding-left: 30px;">Quando ti siedi al volante di Adam hai qualche difficoltà a credere che sia una Opel. Nel senso che, nulla togliendo al resto della gamma, questa macchina qui, più di altre, segna un momento di passaggio forte da una concezione generalista a quella premium. Guardi le finiture, tocchi i materiali, osservi il design degli interni. E ti rendi conto che questa volta la mission di Opel è diversa. Vuole conquistare gente nuova, proprio come te che ci stai ascoltando e guardando la clip. O leggendo su drivelife.it.</p>
<p style="padding-left: 30px;">In drivelife del 24 Novembre le impressioni di guida.</p>
<p> <strong><a href="http://photo.dlmagazine.it/pdlm/?p=1345">Vuoi vedere le foto di Opel Adam tutte insieme, in un solo colpo d&#8217;occhio?<br />
Sfoglia il nostro PhotoMagazine&#8230;</a></strong></p>
ngg_shortcode_1_placeholder
<p>Si ringrazia per la cortese collaborazione la signora Elizabeth Wetzel<br />
che ha posato per la fotografia di apertura di questo servizio su Opel Adam.</p>
<p><em>*Costo del rivestimento interno del tetto ‘starlight’, 64 led per illuminare l’abitacolo.</em></p>
<p>&nbsp;</p>

<p>&nbsp; Vuole sedurre te, sì proprio te&#8230; ARRIVA IN ITALIA LA OPEL ADAM, A GENNAIO PREZZI A PARTIRE DA 11.750 EURO METEO A LISBONA? VARIABILE &nbsp; OPEL ADAM (1) &#8211; durata, 1’12’’ &#8211; testo speaker, in onda con drivelife del 17 Novembre TEST DRIVE LISBONA, INTRO &#8211; (lr) &#8211; Gli inglesi, quando non sanno cosa dire, [&hellip;]</p>
